.
154
Let q(p) = -6706911*p + 33534557. Calculate q(5).
2
Let v(z) = -63*z - 9435. Determine v(-151).
78
Let s(z) = 66784*z + 534268. Determine s(-8).
-4
Let m(q) = -2*q**2 + 1454*q - 55134. What is m(39)?
-1470
Let f(j) = 4*j**3 + 87*j**2 + 328*j + 5611. Determine f(-21).
46
Let r(f) = -345*f**2 - 3568*f - 1155. Calculate r(-10).
25
Let p(m) = m**3 - 22*m**2 - 7121*m + 136388. What is p(19)?
6
Let y(m) = 20134*m - 140962. Determine y(7).
-24
Let q(t) = 37*t**3 - 14*t**2 - 154*t - 10. Determine q(2).
-78
Let r(c) = -702*c + 1970. Give r(-3).
4076
Let s(y) = 125*y**2 - 2603*y - 563. Give s(21).
-101
Let o(p) = p**2 - 5157*p + 194537. What is o(38)?
15
Let t(o) = 8*o**3 - 4816*o**2 - 135*o + 81269. Give t(602).
-1
Let v(q) = q**3 + 40*q**2 + 83*q + 737. Determine v(-38).
471
Let d(j) = j**2 + 4141*j + 41544. Calculate d(-10).
234
Let u(d) = -57946*d + 579646. Give u(10).
186
Let q(b) = -554*b**2 + 5027*b + 6. What is q(9)?
375
Let a(b) = b**2 - 1244*b + 186168. Determine a(174).
-12
Let g(z) = 153*z + 2877. What is g(-11)?
1194
Let t(u) = -2314*u - 1707817. Calculate t(-738).
-85
Let z(m) = 1130*m - 36144. Give z(32).
16
Let h(u) = -5*u**2 - 93*u - 249. Give h(-14).
73
Let b(p) = 3885*p + 1099404. Give b(-283).
-51
Let h(t) = 79*t**3 + 3*t**2 - 32*t - 4. Determine h(0).
-4
Let r(o) = -323*o - 141646. Give r(-438).
-172
Let u(z) = -681*z + 6573. Calculate u(10).
-237
Let r(j) = -j**3 - 471*j**2 + 2372*j - 3817. Give r(-476).
-9
Let w(x) = 90332*x + 3251965. Calculate w(-36).
13
Let b(z) = -2*z**3 + 1356*z**2 - 2064*z + 480673. What is b(677)?
3
Let h(w) = -1355*w**2 - 31154*w + 260. Give h(-23).
7
Let b(q) = 2*q**3 + 20364*q + 79. Determine b(0).
79
Let o(a) = 23*a**2 + 43*a + 381. Calculate o(10).
3111
Let m(r) = r**2 - 1107697*r - 2215393. Determine m(-2).
5
Let u(b) = -b**2 + 511*b - 64682. Determine u(242).
416
Let x(w) = -w**3 - 38*w**2 + 280*w + 699. Give x(-44).
-5
Let i(x) = -x**3 + 117*x**2 + 682*x - 92585. Determine i(116).
-17
Let c(p) = 15*p**2 - 9457*p + 28377. Calculate c(3).
141
Let f(o) = 948239*o - 1896481. What is f(2)?
-3
Let g(h) = 22*h**2 + 180*h - 42. Give g(0).
-42
Let n(i) = 75*i**2 + 865*i - 418. Calculate n(-12).
2
Let c(l) = -6751*l - 12455591. What is c(-1845)?
4
Let u(z) = 145*z - 13306. Give u(92).
34
Let y(g) = 3*g**3 - 176*g**2 - 2792*g + 43. Calculate y(-13).
4
Let r(u) = -15*u**3 - 881*u**2 + 233*u - 406. Calculate r(-59).
-229
Let l(k) = k**3 + 19*k**2 + 18*k + 414. What is l(-20)?
-346
Let p(f) = -13*f**2 + 2885*f + 20863. Determine p(-7).
31
Let f(l) = 18*l**3 - 8*l**2 - 123*l - 590. Calculate f(-5).
-2425
Let j(o) = 78*o - 513. Determine j(24).
1359
Let j(q) = -628*q + 18343. Give j(30).
-497
Let t(v) = -v**3 - 93*v**2 - 99*v - 9248. Determine t(-93).
-41
Let z(s) = -61999*s + 372135. Calculate z(6).
141
Let x(u) = 7241*u - 2628475. Give x(363).
8
Let s(y) = 916*y + 45733. Calculate s(-50).
-67
Let l(m) = -m**3 + 575*m**2 + 8263*m - 9986. Determine l(589).
27
Let j(y) = y**3 + 22*y**2 - 277*y - 5833. Determine j(-23).
9
Let z(x) = 12*x**2 - 2134*x - 358. Determine z(178).
-2
Let o(w) = 17*w**2 + 581*w - 1789. Determine o(-37).
-13
Let z(a) = 181*a + 89714. Determine z(-492).
662
Let y(j) = 491736*j + 4425631. What is y(-9)?
7
Let y(b) = -776*b - 5480. What is y(-6)?
-824
Let y(a) = 15*a**2 - 5682*a + 28073. Give y(5).
38
Let i(h) = 3*h**2 + 318*h - 4500. Calculate i(14).
540
Let l(u) = 3678*u + 10771. Determine l(-3).
-263
Let j(l) = -2*l**3 - 162*l**2 - 159*l + 220. Calculate j(-80).
140
Let k(a) = 59*a + 464. Determine k(-31).
-1365
Let h(u) = -u**3 + 38*u**2 + 480*u + 23. What is h(-10)?
23
Let b(n) = -11630*n + 151227. Determine b(13).
37
Let m(n) = -n**3 - 8*n**2 + 480*n + 14. Calculate m(0).
14
Let u(d) = -12619*d + 50470. Determine u(4).
-6
Let w(h) = 98*h**2 - 182*h - 7. Determine w(4).
833
Let n(f) = 4295*f - 468053. Calculate n(109).
102
Let i(d) = d**2 + 8*d - 811. Determine i(-30).
-151
Let u(b) = -2190*b + 63500. What is u(29)?
-10
Let q(r) = 27*r**3 - 1437*r**2 + 318*r - 34. Determine q(53).
-34
Let g(t) = t**2 + 283*t - 3834. Give g(13).
14
Let m(o) = o**3 + 42*o**2 - 185*o - 54. Calculate m(-46).
-8
Let f(n) = -492*n**2 - 4470*n - 379. Determine f(-9).
-1
Let s(k) = k**3 - 196*k**2 + 377*k + 2504. Determine s(194).
370
Let a(z) = 89*z**2 + 7129*z + 732. Give a(-80).
12
Let o(w) = 5*w**2 + 422*w + 7374. Determine o(-14).
2446
Let a(x) = 36*x**2 - 208*x + 405. Calculate a(2).
133
Let k(s) = -145*s - 28172. Determine k(-195).
103
Let a(d) = d**2 - 67*d - 12219. Calculate a(-83).
231
Let k(w) = -8322*w + 216403. Calculate k(26).
31
Let c(h) = -165*h - 2425. Give c(-17).
380
Let h(y) = -5083*y + 40714. Give h(8).
50
Let a(n) = 22994*n - 23499859. Determine a(1022).
9
Let q(k) = 2*k**2 - 634*k - 7893. Give q(-12).
3
Let q(n) = -3*n**3 + 330*n**2 - 636*n - 22. What is q(2)?
2
Let k(v) = -v**3 + 62*v**2 + 4762. Determine k(0).
4762
Let z(y) = -116*y**3 - 695*y**2 + 16*y + 54. Give z(-6).
-6
Let i(v) = 138*v**2 - 1524*v + 34. Give i(11).
-32
Let n(o) = 220*o - 19095. Give n(87).
45
Let m(u) = -3*u**3 - 193*u**2 - 1686*u + 366. Determine m(-54).
1014
Let p(o) = 1299*o - 58437. What is p(45)?
18
Let l(a) = -80*a**2 - 473*a - 1032. Give l(-2).
-406
Let b(n) = -10*n**2 - 70587*n + 211764. Calculate b(3).
-87
Let f(v) = -2543*v - 8238. Calculate f(-4).
1934
Let o(f) = 8*f**2 - 27*f + 211. Calculate o(5).
276
Let h(k) = 2*k**3 - 37*k**2 - 220*k - 80. Calculate h(23).
-379
Let m(q) = -319*q - 23239. Determine m(-73).
48
Let a(w) = -789*w + 768. Determine a(1).
-21
Let m(o) = -467*o + 16373. Determine m(35).
28
Let f(u) = 3*u**2 - 616*u - 8840. Determine f(-14).
372
Let w(j) = 2*j**3 - 152*j**2 + 551*j + 1806. What is w(72)?
6
Let b(h) = h**2 + 2788*h - 62477. Calculate b(22).
-657
Let i(c) = -27*c**3 - 47*c**2 - 10*c - 25. Determine i(-2).
23
Let r(p) = -2*p**3 - 181*p**2 - 440*p + 75. What is r(-88)?
75
Let s(j) = -7283*j - 4581036. Give s(-629).
-29
Let k(r) = -r**2 + 238*r - 8649. Calculate k(194).
-113
Let x(l) = l**2 - 1166*l + 2347. Determine x(2).
19
Let o(h) = h**3 + 40*h**2 - 1050*h + 5109. Determine o(12).
-3
Let j(g) = g**3 + 110*g**2 - 524*g - 45832. Give j(-111).
11
Let b(g) = -10*g**3 - 289*g**2 + 1172*g + 33158. Give b(-29).
11
Let p(s) = 52*s + 1538. Calculate p(-90).
-3142
Let a(c) = -6*c**3 + 331*c**2 - 70*c + 859. What is a(55)?
34
Let y(b) = -12*b**3 + 108*b**2 - 301*b + 1613. Give y(8).
-27
Let f(n) = -n**3 - 95*n**2 + 626*n + 43. Calculate f(6).
163
Let l(x) = 30*x**3 + 211*x**2 + 278*x + 1893. What is l(-7)?
-4
Let t(v) = 12916*v + 142402. Calculate t(-11).
326
Let b(d) = d**2 + 42494*d - 297503. What is b(7)?
4
Let d(h) = -1374*h + 24768. Give d(18).
36
Let k(y) = 3515*y - 136712. Calculate k(39).
373
Let g(h) = -1843*h**2 - 12886*h + 57. What is g(-7)?
-48
Let q(k) = k**2 + 78496*k + 941789. What is q(-12)?
-19
Let q(d) = -1008*d - 693384. What is q(-688)?
120
Let c(b) = b**3 + 53*b**2 - 121*b + 16. Give c(-55).
621
Let z(q) = -1030*q - 418195. Give z(-406).
-15
Let j(i) = -2696*i - 8016. What is j(-3)?
72
Let k(r) = -5*r**3 - 152*r**2 + 2698*r - 468. Determine k(-43).
5
Let i(q) = -q**3 - 50*q**2 + 926*q - 2839. Calculate i(4).
1
Let p(i) = 3*i**3 - 52*i**2 - 23*i - 95. Calculate p(18).
139
Let r(x) = x**2 + 106*x - 3855. Calculate r(24).
-735
Let r(u) = u**3 - 112*u**2 + 990*u - 16436. Determine r(104).
-4
Let k(l) = 2*l**3 - 108*l**2 + 274*l - 3621. Calculate k(52).
-189
Let i(y) = -19*y**3 + 148*y**2 - 21*y + 432. Give i(8).
8
Let s(q) = -11*q**3 - 108*q**2 - 5767*q - 57870. What is s(-10)?
0
Let z(h) = 2*h**2 - 1205*h + 33250. Determine z(29).
-13
Let n(h) = 9625*h + 567887. Calculate n(-59).
12
Let a(c) = -2*c**2 + 1033*c + 44675. Give a(-40).
155
Let p(y) = -10*y**3 + 2158*y**2 + 440*y - 1713. Determine p(216).
15
Let g(k) = 4*k**2 - 503*k - 624. Give g(127).
11
Let r(a) = 7*a**2 + 361*a - 294. What is r(-42)?
-3108
Let l(o) = o**2 - 255*o + 9454. Give l(45).
4
Let q(h) = 196*h + 510. Determine q(-3).
-78
Let y(b) = 313578*b + 5017255. Calculate y(-16).
7
Let c(o) = -3*o**2 + 352562*o + 4583820. Give c(-13).
7
Let y(t) = 132*t - 31067. Determine y(236).
85
Let t(d) = -124*d - 8537. Determine t(-57).
-1469
Let r(f) = 4450*f - 177971. Give r(40).
29
Let r(i) = -4*i**3 + 14*i